se -10 = 2*j + v, 4*j - v - 4 + 24 = 0. What are the prime factors of x(j)?
41
Suppose -4*z + 130 = -26. List the prime factors of z.
3, 13
What are the prime factors of (-19)/((-2)/20*(-4)/(-2))?
5, 19
Let d(j) be the third derivative of j**5/60 + 7*j**4/24 + 3*j**3/2 + 10*j**2. List the prime factors of d(-10).
3, 13
Suppose -2*s + 2 = -0. Let w(d) = d + 1. Let c be w(s). Suppose 0 = -8*f + 3*f - c*g + 39, 9 = -3*g. List the prime factors of f.
3
Let p be 0 + 3*8 - 0. Suppose -b = 5*u + 24 - 11, -3*u = b + 5. Suppose p - b = c. List the prime factors of c.
17
Let r(v) = 9*v + 4. Let z be r(2). Let b = -14 + z. List the prime factors of b.
2
Let p(b) = b**2 - 8*b. Let a be p(4). Let l = a - -26. What are the prime factors of l?
2, 5
Suppose n = 6*n + 75. Let c = 9 - n. Suppose -o + 3*o - c = 0. List the prime factors of o.
2, 3
What are the prime factors of (-742)/(-18) + 16/(-72)?
41
Suppose 0 = 2*a + 12 - 20. List the prime factors of a.
2
Let g(f) = -f**3 + 5*f**2 - 2*f - 5. Let a be g(4). Suppose 2*m - 8 = 0, 5*m = -j - a*j + 116. What are the prime factors of j?
2, 3
Let d(y) = -y**2 + y + 4. Let b(r) = r. Let l be b(0). What are the prime factors of d(l)?
2
Let x(a) = -a**3 - 8*a**2 - 8*a - 5. Let m be x(-7). Suppose z + 26 = 4*p, -p - m*z + 32 = 3*p. List the prime factors of p.
7
Let a = -6 + -12. Let z = 1 - a. List the prime factors of z.
19
Let y(p) be the first derivative of -3*p**4/4 - 2*p**3/3 - p**2/2 + 2*p + 2. What are the prime factors of y(-2)?
2, 5
Suppose -2*y + 2 - 8 = 0. Let r = -4 - y. List the prime factors of (0 - r)/(3/21).
7
Suppose -2*c = -3*c + 30. Let z = 45 - c. Suppose -2*y = 3*x - 31, -x = -5*y + 4*x + z. What are the prime factors of y?
2
What are the prime factors of 1 + (-3 - -2)*-39?
2, 5
Suppose 4*z = f + 68, -57 = -3*z + 2*f - 6. List the prime factors of z.
17
Let j(m) = 2*m**2 + 2. List the prime factors of j(-4).
2, 17
Suppose 2*t = s + 94, -146 = -4*t + s + 46. What are the prime factors of t?
7
Let h = 7 - 4. Let f = h + 2. What are the prime factors of f?
5
List the prime factors of (-6)/8*((-4 - 116) + -4).
3, 31
Let o(c) = -c**3 - 5*c**2 - 5*c - 1. List the prime factors of o(-6).
5, 13
Let q = 18 - 13. Let x be (7 - 7) + (2 - 0). Suppose -5*t - 12 = -t, q*f = x*t + 66. List the prime factors of f.
2, 3
Suppose -2*v - v + 15 = 0. Suppose v*j = 4 + 11, -u + j + 5 = 0. Suppose 77 = 5*n - u. List the prime factors of n.
17
Let r(h) = -h**2 - 4*h. Let y be r(-2). Suppose g = -2, 0 = -3*s - g + 12 + y. What are the prime factors of s?
2, 3
Let u(l) = -4*l + 8. Let m be u(7). Let y be 6/(-18) + m/(-6). Suppose -13 + 4 = -y*z. List the prime factors of z.
3
Let d = 24 + 48. What are the prime factors of d?
2, 3
Let b = 5 - 9. Let z(i) = -3*i - 5. List the prime factors of z(b).
7
List the prime factors of (-15)/(-2) + (-1)/2.
7
Suppose -3*a - 12 = -5*a. Suppose -a*k = -5*k - 15. List the prime factors of k.
3, 5
Let q(o) = -o + 140. Let s be q(0). Let k be (3/(-2))/((-15)/s). Let x = k - 7. What are the prime factors of x?
7
Let m(c) = -c**3 - 25. Let g be m(0). Let b = -19 + 6. Let i = b - g. List the prime factors of i.
2, 3
Suppose 0 = 6*q - 3*q - 27. Suppose 3 + q = 3*v. What are the prime factors of v?
2
Suppose 0 = -3*k - 2*y + 92 + 73, 54 = k + y. What are the prime factors of k?
3, 19
Let k be (-1460)/14 + (-2)/(-7). What are the prime factors of (-3)/(-8) - 3081/k?
2, 3, 5
Let w be (3 - -18)*36/14. Suppose 0 = -4*r + w - 18. What are the prime factors of r?
3
Let u(r) = -3*r. List the prime factors of u(-9).
3
Let j be 2/(-4) + (-47)/(-2). What are the prime factors of 1*(-1 + j) - 3?
19
Suppose 4*s - 4*b - 228 = 0, 4*s - b - 177 = s. Suppose -s = -3*f + j, f + f - 57 = -5*j. What are the prime factors of f?
3, 7
Let o(m) = -m**3 + 6*m**2 - m - 6. Let s(b) = -b**3 + 5. Let l be s(0). What are the prime factors of o(l)?
2, 7
Suppose 0 = -4*y - 0 - 24. Let m = y + 10. Suppose 0*o - m*o + 8 = 0. What are the prime factors of o?
2
Let c = 22 - -27. List the prime factors of c.
7
Suppose 730 = 5*l + 4*z, 2*l + 0*z - 292 = 3*z. List the prime factors of l.
2, 73
Suppose 2*r = -3*d + 4, -3*d - 10 = -5*r - 2*d. Suppose -4*k + 4 = -r*k. Suppose 0 = 5*w - k*w - 36. List the prime factors of w.
2, 3
Let y = -37 + 102. List the prime factors of y.
5, 13
Suppose 240 = 3*c + 5*b, 4*c + 5*b - 320 = 2*b. What are the prime factors of c?
2, 5
Let t(y) = 5*y**2 - 5. What are the prime factors of t(-3)?
2, 5
Let y(h) = -h + 5. Let z be y(5). Let s be z + 2 - (-1 - 1). What are the prime factors of s/10 - (-26)/10?
3
Let h be (20/(-6))/((-6)/9). Suppose 2*c - h*c - 12 = 0. What are the prime factors of c/10 + 47/5?
3
Suppose 2*l - 6 = -42. Suppose -t - 142 = 5*i, -7 = 5*t + 3. Let d = l - i. What are the prime factors of d?
2, 5
Suppose 4*c - n = 3*c + 10, -5*c + 74 = n. List the prime factors of c.
2, 7
Suppose -8 = 4*k, 4*k = 2*c - 4*c + 20. List the prime factors of c.
2, 7
Suppose -2*o + 26 = -598. List the prime factors of o/22 + (-8)/44.
2, 7
Suppose -103 = -0*a + 3*a + c, 0 = -a - 5*c - 39. Let f = -16 - a. List the prime factors of f.
2, 3
Let m(p) be the second derivative of -p**3/3 - 3*p**2 + 3*p. Let b be m(-6). Suppose 18 = 3*h - b. What are the prime factors of h?
2
Let o(c) = 2*c. Let j(a) be the third derivative of a**4/24 + 2*a**3 - a**2. Let l be j(-6). List the prime factors of o(l).
2, 3
Let w be (-2)/(-3)*(-6 + -3). Let y(x) = x + 5. Let b be y(-5). What are the prime factors of 1/((-3)/w + b)?
2
Let p(c) = c**3 + 10*c**2 - 4*c - 13. Let j be p(-10). Suppose -j = -3*i + 36. What are the prime factors of i?
3, 7
Let g = -44 + 114. What are the prime factors of g?
2, 5, 7
Suppose 9 = 5*k - 11. Let z be (-2)/(-4) + (-26)/k. List the prime factors of z/4*32/(-3).
2
Let n = 28 + 48. List the prime factors of n.
2, 19
Let d(m) = m + 10. Let b be d(-5). Suppose z + 55 = b*z - 3*h, 0 = -4*z - 4*h + 76. What are the prime factors of z?
2
Let u = 5 + -6. Let q(b) = -19*b + 1. Let o be q(u). Suppose 2*v + 0*f = -f + o, -3*f - 61 = -5*v. What are the prime factors of v?
11
Let v(h) = -h - 4. Let b be v(-7). Suppose 0 = -y + 3*k - 3 - b, 4*y - 27 = -5*k. Suppose -y*z = -18 - 9. List the prime factors of z.
3
Let c be 0 - (-1 + 0) - 1. Suppose -4*v + 60 = -c*v. List the prime factors of v.
3, 5
Let o(w) be the second derivative of w**5/20 + w**4 - 8*w**3/3 - 9*w**2/2 - 8*w. List the prime factors of o(-13).
2, 3, 5
Let g = -10 + 4. Let p = 12 - g. Suppose 5*t - p = 22. What are the prime factors of t?
2
Suppose r - 3*r + 78 = 0. What are the prime factors of r?
3, 13
Let o = -11 + 12. What are the prime factors of 0 - ((-24 - o) + -1)?
2, 13
Suppose 3*v + 0 + 21 = -t, 2*t - v + 7 = 0. Let a be (-3)/t + (-9)/2. List the prime factors of ((-6)/a)/((-1)/(-6)).
3
Let i(d) be the third derivative of d**5/30 + 5*d**4/12 + 4*d**3/3 - 2*d**2. Let k be i(-6). Let j = -12 + k. What are the prime factors of j?
2
Suppose -3*g = -0 - 9. Suppose w = -g*w. List the prime factors of (w + 2 - 13)*-1.
11
Let v(g) = -2*g + 5. Let t(l) = -l + 4. Let j(x) = 3*t(x) - 2*v(x). Let u be j(5). Suppose 0 = -n + 2 + u. List the prime factors of n.
3
Let w(i) = -i**2 + 4*i + 2. What are the prime factors of w(4)?
2
Suppose -t + 75 - 215 = -4*b, -b + 5*t + 54 = 0. What are the prime factors of b?
2, 17
Let f be ((-18)/4)/(18/(-24)). Let p(c) = c**3 - 4*c**2 + 4*c - 1. Let v be p(3). Suppose -l + f = -v. What are the prime factors of l?
2
Let u = 18 - 8. Suppose 5*x - 35 = 2*w, 3*w = -4*x + w + u. What are the prime factors of x?
5
Let s be (-80)/(-25) - 1/5. Suppose -4*r = -s*r + 5, 4*u - 4*r - 116 = 0. What are the prime factors of u?
2, 3
Suppose s - 4*d = -6*d + 94, 4*d = 5*s - 428. Suppose 7*v - s = 3*v. List the prime factors of v.
2, 11
Let i be 1 - 2/(1/1). Let x = 0 - i. List the prime factors of (0 + x)/((-1)/(-7)).
7
Suppose 0*d + t + 99 = 4*d, 5*d + 3*t - 111 = 0. Suppose 4*u + 25 = -23. Let s = u + d. What are the prime factors of s?
2, 3
Suppose -g = 3*g - 12. Suppose -5*v + 20 = -2*r, 0*r - 2*r = 0. Suppose 6 = 3*n - 3*j, v*n - 3*n - g*j = -2. What are the prime factors of n?
2
Suppose 4*o + 5*j + 7 = 0, 0 = -0*j + 3*j + 9. Suppose -3*x + 0*x + o*i = -10, i + 8 = 2*x. List the prime factors of x.
2, 3
Suppose 0 = -r +